{"id":184,"date":"2022-01-09T20:33:53","date_gmt":"2022-01-09T20:33:53","guid":{"rendered":"http:\/\/doradcyrodzinie.pl\/?page_id=184"},"modified":"2022-01-09T20:46:15","modified_gmt":"2022-01-09T20:46:15","slug":"modlitwy-dzieci","status":"publish","type":"page","link":"https:\/\/doradcyrodzinie.pl\/index.php\/dla-dzieci\/modlitwy-dzieci\/","title":{"rendered":"Modlitwy dzieci"},"content":{"rendered":"\n<p><em>Modlitwa 1<\/em><\/p>\n\n\n\n<p class=\"has-medium-font-size\"><br>Do Ciebie, Bo\u017ce, r\u0105czki podnosz\u0119,<br>o zdrowie dla moich najbli\u017cszych prosz\u0119<br>i prosz\u0119 tak\u017ce, niech mnie od z\u0142ego<br>na ka\u017cdym kroku anio\u0142ki strzeg\u0105<br>Amen.<br><br><em>Modlitwa 2<\/em><\/p>\n\n\n\n<div class=\"wp-block-image is-style-default\"><figure class=\"alignright size-full\"><img loading=\"lazy\" decoding=\"async\" width=\"299\" height=\"168\" src=\"https:\/\/doradcyrodzinie.pl\/wp-content\/uploads\/2022\/01\/modlitwa1.jpeg\" alt=\"\" class=\"wp-image-187\"\/><\/figure><\/div>\n\n\n\n<p class=\"has-medium-font-size\"><br>Dobranoc, anio\u0142ki na noc.<br>Matka Boska przy \u0142\u00f3\u017cku,<br>a Pan Jezus w serduszku.<br>Amen.<br><br><em>Modlitwa 3<\/em><\/p>\n\n\n\n<p class=\"has-medium-font-size\"><br>M\u00f3j ukochany Bo\u017ce,<br>wiem, \u017ce Ty wszystko mo\u017cesz.<br>Z serca prosz\u0119 Ci\u0119 ca\u0142ego,<br>miej w opiece mnie ma\u0142ego,<br>naucz mnie \u017cy\u0107 tak jak trzeba,<br>i zaprowad\u017a mnie do nieba.<br>Amen.<br><br><\/p>\n\n\n\n<p><em>Modlitwa 4<\/em><\/p>\n\n\n\n<p class=\"has-medium-font-size\"><br>Jestem ma\u0142y jak palec, jestem ma\u0142y jak mr\u00f3wka,<br>ale prosz\u0119 ci\u0119 Jezu, wejd\u017a do mego serduszka.<br>Amen.<br><br><\/p>\n\n\n\n<div class=\"wp-block-image is-style-rounded\"><figure class=\"alignright size-full is-resized\"><img loading=\"lazy\" decoding=\"async\" src=\"https:\/\/doradcyrodzinie.pl\/wp-content\/uploads\/2022\/01\/modlitwa2.jpeg\" alt=\"\" class=\"wp-image-188\" width=\"336\" height=\"224\"\/><\/figure><\/div>\n\n\n\n<p><em>Modlitwa 5<\/em><\/p>\n\n\n\n<p class=\"has-medium-font-size\"><br>Dzie\u0144 si\u0119 ju\u017c sko\u0144czy\u0142<br>i noc si\u0119 przybli\u017ca,<br>kl\u0119kam przed Tob\u0105<br>i robi\u0119 znak krzy\u017ca.<br>Przepraszam za to,<br>co zrobi\u0142em z\u0142ego;<br>z rado\u015bci\u0105 oddaj\u0119,<br>co by\u0142o dobrego.<br>O noc spokojn\u0105, Jezu,<br>bardzo Ciebie prosz\u0119<br>i szczer\u0105 modlitw\u0119<br>do nieba zanosz\u0119:<br>za mam\u0119, tat\u0119, babci\u0119,<br>dziadka, brata,<br>za koleg\u00f3w, s\u0105siad\u00f3w,<br>wszystkich ludzi \u015bwiata.<br>Amen.<br><br><\/p>\n\n\n\n<p><em>Modlitwa 6<\/em><\/p>\n\n\n\n<div class=\"wp-block-image is-style-rounded\"><figure class=\"alignright size-full is-resized\"><img loading=\"lazy\" decoding=\"async\" src=\"https:\/\/doradcyrodzinie.pl\/wp-content\/uploads\/2022\/01\/modlitwa3.jpeg\" alt=\"\" class=\"wp-image-189\" width=\"423\" height=\"237\"\/><\/figure><\/div>\n\n\n\n<p class=\"has-medium-font-size\"><br>&nbsp;&nbsp;&nbsp;<em>Rano<\/em><br>Za sen spokojny, za noc przespan\u0105,<br>Dzi\u0119ki Ci, Bo\u017ce na niebie!<br>Pierwsze me my\u015bli, budz\u0105c si\u0119 rano,<br>Obracam w g\u00f3r\u0119, do Ciebie,<br>I b\u0142agam: dozw\u00f3l, bym przez dzie\u0144 ca\u0142y,<br>M\u00f3g\u0142 wszystko robi\u0107 dla Twojej chwa\u0142y!<br>&nbsp;&nbsp;&nbsp;<em>Wieczorem<\/em><br>Aniele Str\u00f3\u017cu i Ty o Bo\u017ce!<br>W t\u0119 noc ponur\u0105 i ciemn\u0105,<br>Gdy g\u0142\u00f3wk\u0119 moj\u0105 do snu u\u0142o\u017c\u0119,<br>B\u0142agam: czuwajcie nade mn\u0105.<br>Ci, co mi\u0119 strzegli, dawno zasn\u0119li,<br>We \u015bnie ju\u017c mama i tatko:<br>Boziu! Ty czuwaj przy mej po\u015bcieli,<br>Ty b\u0105d\u017a mi Ojcem i Matk\u0105!<br><br><\/p>\n\n\n\n<div class=\"wp-block-image\"><figure class=\"alignright size-full is-resized\"><img loading=\"lazy\" decoding=\"async\" src=\"https:\/\/doradcyrodzinie.pl\/wp-content\/uploads\/2022\/01\/modlitwa8.jpeg\" alt=\"\" class=\"wp-image-193\" width=\"174\" height=\"298\"\/><\/figure><\/div>\n\n\n\n<p><em>Modlitwa do Anio\u0142a Str\u00f3\u017ca<\/em><\/p>\n\n\n\n<p class=\"has-medium-font-size\"><br>Kiedy rano budz\u0119 si\u0119,<br>O szcz\u0119\u015bliwy dzie\u0144, Bo\u017ce, prosz\u0119 Ci\u0119.<br>Anio\u0142 Str\u00f3\u017c niech broni mnie<br>Od wszystkiego, co jest z\u0142e.<br><br>Aniele Bo\u017cy, Str\u00f3\u017cu m\u00f3j,<br>W dzie\u0144 i w nocy przy mnie st\u00f3j,<br>Gdy si\u0119 bawi\u0119, kiedy \u015bpi\u0119,<br>Gdy do szko\u0142y \u015bpiesz\u0119 si\u0119.<br><br>Niech koledzy w klasie mej<br>W zgodzie \u017cyj\u0105 i nie k\u0142\u00f3c\u0105 si\u0119,<br>Niechaj dobrze czyni\u0107 chc\u0105,<br>Bo Bo\u017cymi dzie\u0107mi s\u0105.<br><br>Aniele Bo\u017cy, Str\u00f3\u017cu m\u00f3j,<br>W dzie\u0144 i w nocy przy mnie st\u00f3j,<br>Gdy si\u0119 bawi\u0119, kiedy \u015bpi\u0119,<br>Gdy do szko\u0142y \u015bpiesz\u0119 si\u0119.<br><br>O Aniele Bo\u017cy nasz,<br>Nad Ojczyzn\u0105 trzymaj stra\u017c,<br>By w pokoju ka\u017cdy \u017cy\u0142<br>I cz\u0142owiekiem wolnym by\u0142.<br><br>Aniele Bo\u017cy, Str\u00f3\u017cu m\u00f3j,<br>W dzie\u0144 i w nocy przy mnie st\u00f3j,<br>Gdy si\u0119 bawi\u0119, kiedy \u015bpi\u0119,<br>Gdy do szko\u0142y \u015bpiesz\u0119 si\u0119.<\/p>\n\n\n\n<div class=\"wp-block-image\"><figure class=\"alignright size-full\"><img loading=\"lazy\" decoding=\"async\" width=\"306\" height=\"165\" src=\"https:\/\/doradcyrodzinie.pl\/wp-content\/uploads\/2022\/01\/modlitwa5.jpeg\" alt=\"\" class=\"wp-image-190\" srcset=\"https:\/\/doradcyrodzinie.pl\/wp-content\/uploads\/2022\/01\/modlitwa5.jpeg 306w, https:\/\/doradcyrodzinie.pl\/wp-content\/uploads\/2022\/01\/modlitwa5-300x162.jpeg 300w\" sizes=\"auto, (max-width: 306px) 100vw, 306px\" \/><\/figure><\/div>\n\n\n\n<p><strong>Jak uczy\u0107 dziecko modlitwy?<\/strong><\/p>\n\n\n\n<p>Wielu wierz\u0105cych i praktykuj\u0105cych rodzic\u00f3w, zastanawia si\u0119, kiedy ma sens nauka modlitwy w przypadku dzieci. Owszem, nied\u0142ugich formu\u0142ek s\u0105 w stanie nauczy\u0107 si\u0119 nawet niespe\u0142na dwuletnie dzieci, ale czy na pewno chodzi o to, by maluch, kt\u00f3ry dopiero uczy si\u0119 m\u00f3wi\u0107, ,,odklepywa\u0142\u201d bezmy\u015blnie s\u0142owa ku uciesze babci i ksi\u0119dza na kol\u0119dzie?<br>Oczywi\u015bcie wa\u017cne jest, by uczy\u0107 dziecko, jak wa\u017cny jest B\u00f3g i kim On jest w \u017cyciu ludzi, jak r\u00f3wnie\u017c pewnych dogmat\u00f3w wiary, jednak powinno si\u0119 to odbywa\u0107 w spos\u00f3b dla dziecka przyst\u0119pny. Por\u00f3wnujmy Jego mi\u0142o\u015b\u0107 do uczucia, jakie \u0142\u0105czy rodzic\u00f3w z dzie\u0107mi, na przyk\u0142adzie przyrody t\u0142umaczmy zmy\u015blno\u015b\u0107 Bo\u017cego Stworzenia. Natomiast s\u0142owa modlitwy warto dziecko uczy\u0107 wtedy, gdy te podstawowe prawdy pozna i zrozumie. Z regu\u0142y jest to wiek przedszkolny, chocia\u017c niekt\u00f3re dzieci s\u0105 na to gotowe dopiero, gdy ucz\u0105 si\u0119 abstrakcyjnego my\u015blenia, tzn. w wieku sze\u015bciu czy siedmiu lat.<br>Najlepsz\u0105 &#8222;nauk\u0105&#8221; pacierza jest codzienne, rodzinne odmawianie go razem z dzieckiem. Niewa\u017cne, \u017ce kilkumiesi\u0119czny bobas nic z tego nie rozumie. Nie kar\u0107my te\u017c roczniaka, \u017ce przeszkadza nam podczas modlitwy. Starsze dziecko mo\u017cna ju\u017c poprosi\u0107, by w tym czasie postara\u0142o si\u0119 by\u0107 spokojne. Nawet, je\u015bli jeszcze nie odm\u00f3wi s\u0142\u00f3w pacierza z nami, b\u0119dzie on dla niego czym\u015b naturalnym, jak obiad, czy mycie z\u0119b\u00f3w wieczorem, tylko w wymiarze duchowym. Wszak nie od dzi\u015b wiadomo, \u017ce wiara to higiena duszy, por\u00f3wnanie wydaje si\u0119 zatem s\u0142uszne.<\/p>\n\n\n\n<p><strong>Modlitwa do Anio\u0142a Str\u00f3\u017ca<\/strong><\/p>\n\n\n\n<p class=\"has-medium-font-size\">Aniele Str\u00f3\u017cu, kt\u00f3ry stoisz na stra\u017cy mojej duszy i cia\u0142a, chro\u0144 mnie w ka\u017cdej godzinie \u017cycia od wszelkiego z\u0142a, a w dobrym wspieraj swoj\u0105 \u0142askaw\u0105 pomoc\u0105.<\/p>\n\n\n\n<p class=\"has-medium-font-size\">Spraw, abym wszystko, cokolwiek B\u00f3g przeznaczy\u0142 dla mnie, umia\u0142 obr\u00f3ci\u0107 z pokor\u0105 na Jego chwa\u0142\u0119. Pom\u00f3\u017c mi kocha\u0107 Boga i wielbi\u0107 Go wszystkimi uczynkami moimi, s\u0142owem i ka\u017cd\u0105 my\u015bl\u0105. Amen.<\/p>\n\n\n\n<hr class=\"wp-block-separator\"\/>\n\n\n\n<p><strong>Modlitwa do \u015bw. Stanis\u0142awa Kostki (patrona dzieci)<\/strong><\/p>\n\n\n\n<p class=\"has-medium-font-size\">\u015awi\u0119ty Stanis\u0142awie Kostko, patronie dzieci i m\u0142odzie\u017cy, wspieraj nasze si\u0142y na drodze wzrastania, aby\u015bmy na\u015bladuj\u0105c twoj\u0105 \u015bwi\u0119to\u015b\u0107, pod\u0105\u017cali drog\u0105 ku dobru, spe\u0142niali w naszym \u017cyciu wol\u0119 Bo\u017c\u0105 i stawali si\u0119 chlub\u0105 naszej ojczyzny. Amen.<\/p>\n\n\n\n<hr class=\"wp-block-separator\"\/>\n\n\n\n<div class=\"wp-block-image\"><figure class=\"alignleft size-full\"><img loading=\"lazy\" decoding=\"async\" width=\"236\" height=\"214\" src=\"https:\/\/doradcyrodzinie.pl\/wp-content\/uploads\/2022\/01\/modlitwa6.jpeg\" alt=\"\" class=\"wp-image-191\"\/><\/figure><\/div>\n\n\n\n<p><strong>Modlitwa do mojego Patrona<\/strong><\/p>\n\n\n\n<p class=\"has-medium-font-size\">\u015awi\u0119ty Patronie m\u00f3j, dzi\u0119kuj\u0119 ci za dotychczasow\u0105 opiek\u0119, jak\u0105 mnie otacza\u0142e\u015b, i b\u0142agam ci\u0119: Zechciej nadal pomaga\u0107 mi w moim \u017cyciu, bym by\u0142 dobrym dzieckiem i \u017cy\u0142 wed\u0142ug Bo\u017cych wskaza\u0144.<\/p>\n\n\n\n<p class=\"has-medium-font-size\">B\u0105d\u017a przed tronem Boga moim or\u0119downikiem i upro\u015b mi przebaczenie grzech\u00f3w, w kt\u00f3re tak cz\u0119sto popadam. Wypraszaj mi obfite \u0142aski, abym m\u00f3g\u0142 zwyci\u0119\u017cy\u0107 wszystkie pokusy \u015bwiata i post\u0119powa\u0107 na drodze dobra.<\/p>\n\n\n\n<p class=\"has-medium-font-size\">Spraw, bym stawa\u0142 si\u0119 podobny do ciebie, bo ty umia\u0142e\u015b kocha\u0107 Boga ca\u0142ym swoim sercem i tak osi\u0105gn\u0105\u0142e\u015b \u017cycie wieczne. Amen.<\/p>\n\n\n\n<hr class=\"wp-block-separator\"\/>\n\n\n\n<p><strong>Modlitwa dzieci za rodzic\u00f3w<\/strong><\/p>\n\n\n\n<p class=\"has-medium-font-size\">Panie Jezu, kt\u00f3ry z ca\u0142ego serca kocha\u0142e\u015b swoich ziemskich rodzic\u00f3w: Maryj\u0119 i J\u00f3zefa, dopom\u00f3\u017c mi kocha\u0107 moich rodzic\u00f3w i okazywa\u0107 im moj\u0105 wdzi\u0119czno\u015b\u0107 za to, co dla mnie robi\u0105. Podaruj im zdrowie i d\u0142ugie \u017cycie, pob\u0142ogos\u0142aw ich trud i ochro\u0144 ich od wszelkiego z\u0142a. Prosz\u0119 Ci\u0119, by nasza rodzina by\u0142a podobna<\/p>\n\n\n\n<hr class=\"wp-block-separator\"\/>\n\n\n\n<p><strong>Modlitwa za babci\u0119 i dziadka<\/strong><\/p>\n\n\n\n<p class=\"has-medium-font-size\">Dzi\u0119kuj\u0119 Ci, Panie Jezu, za moj\u0105 babci\u0119 i jej dobro\u0107 dla mnie. Daj jej, Panie, zdrowie i wiele lat \u017cycia. Zobacz, Panie, jakie spracowane r\u0119ce ma moja babcia, a ka\u017cda zmarszczka to znak jej pracy i cierpienia. B\u0105d\u017a dla niej, Panie, nadziej\u0105, pociech\u0105 i nagrod\u0105.<\/p>\n\n\n\n<p class=\"has-medium-font-size\">Dzi\u0119kuj\u0119 Ci, Panie, za mojego dziadka. Daj mu, Panie, jeszcze du\u017co lat, bo bardzo mi potrzeba jego modlitwy i pomocy. A gdy s\u0142abn\u0105\u0107 b\u0119d\u0105 jego oczy i jego s\u0142uch i gdy si\u0142 mu zbraknie, niech ja b\u0119d\u0119 jego radosnym wsparciem.<\/p>\n\n\n\n<p class=\"has-medium-font-size\">Daj mojej babci i dziadkowi dni spokojne. Spraw, aby\u015bmy umieli ich kocha\u0107 i s\u0142u\u017cy\u0107 im. Niech odpoczn\u0105 w\u015br\u00f3d nas, bo wszystko, co mamy, jest owocem pracy ich dobrych r\u0105k. Amen.<\/p>\n\n\n\n<hr class=\"wp-block-separator\"\/>\n\n\n\n<div class=\"wp-block-image\"><figure class=\"alignright size-full\"><img loading=\"lazy\" decoding=\"async\" width=\"262\" height=\"192\" src=\"https:\/\/doradcyrodzinie.pl\/wp-content\/uploads\/2022\/01\/modlitwa7.jpeg\" alt=\"\" class=\"wp-image-192\"\/><\/figure><\/div>\n\n\n\n<p><strong>Modlitwa za rodze\u0144stwo<\/strong><\/p>\n\n\n\n<p class=\"has-medium-font-size\">Panie Jezu najlepszy, oddaj\u0119 Ci moje rodze\u0144stwo. Spraw, by\u015bmy umieli si\u0119 kocha\u0107 i by\u015bmy si\u0119 ze sob\u0105 zgadzali. Naucz nas pomaga\u0107 sobie wzajemnie. B\u0142ogos\u0142aw ka\u017cdemu z nas na jego drodze \u017cycia i zachowaj nas w \u0142asce Twojej. Amen.<\/p>\n\n\n\n<hr class=\"wp-block-separator\"\/>\n\n\n\n<p><strong>Pod Twoj\u0105 obron\u0119<\/strong><\/p>\n\n\n\n<p class=\"has-medium-font-size\">Pod Twoj\u0105 obron\u0119 uciekamy si\u0119, \u015awi\u0119ta Bo\u017ca Rodzicielko. Naszymi pro\u015bbami racz nie gardzi\u0107 w potrzebach naszych, ale od wszelakich z\u0142ych przyg\u00f3d racz nas zawsze wybawia\u0107, Panno chwalebna i b\u0142ogos\u0142awiona. O Pani nasza, Or\u0119downiczko nasza, Po\u015bredniczko nasza, Pocieszycielko nasza. Z Synem swoim nas pojednaj, Synowi swojemu nas polecaj, swojemu Synowi nas oddawaj. Amen.<\/p>\n","protected":false},"excerpt":{"rendered":"<p>Modlitwa 1 Do Ciebie, Bo\u017ce, r\u0105czki podnosz\u0119,o zdrowie dla moich najbli\u017cszych prosz\u0119i prosz\u0119 tak\u017ce, niech mnie od z\u0142egona ka\u017cdym kroku anio\u0142ki strzeg\u0105Amen. Modlitwa 2 Dobranoc, anio\u0142ki na noc.Matka Boska przy \u0142\u00f3\u017cku,a Pan Jezus w serduszku.Amen. Modlitwa 3 M\u00f3j ukochany Bo\u017ce,wiem, \u017ce Ty wszystko mo\u017cesz.Z serca prosz\u0119 Ci\u0119 ca\u0142ego,miej w opiece mnie ma\u0142ego,naucz mnie \u017cy\u0107 tak [&hellip;]<\/p>\n","protected":false},"author":1,"featured_media":0,"parent":181,"menu_order":1,"comment_status":"closed","ping_status":"closed","template":"","meta":{"footnotes":""},"class_list":["post-184","page","type-page","status-publish","hentry"],"_links":{"self":[{"href":"https:\/\/doradcyrodzinie.pl\/index.php\/wp-json\/wp\/v2\/pages\/184","targetHints":{"allow":["GET"]}}],"collection":[{"href":"https:\/\/doradcyrodzinie.pl\/index.php\/wp-json\/wp\/v2\/pages"}],"about":[{"href":"https:\/\/doradcyrodzinie.pl\/index.php\/wp-json\/wp\/v2\/types\/page"}],"author":[{"embeddable":true,"href":"https:\/\/doradcyrodzinie.pl\/index.php\/wp-json\/wp\/v2\/users\/1"}],"replies":[{"embeddable":true,"href":"https:\/\/doradcyrodzinie.pl\/index.php\/wp-json\/wp\/v2\/comments?post=184"}],"version-history":[{"count":5,"href":"https:\/\/doradcyrodzinie.pl\/index.php\/wp-json\/wp\/v2\/pages\/184\/revisions"}],"predecessor-version":[{"id":198,"href":"https:\/\/doradcyrodzinie.pl\/index.php\/wp-json\/wp\/v2\/pages\/184\/revisions\/198"}],"up":[{"embeddable":true,"href":"https:\/\/doradcyrodzinie.pl\/index.php\/wp-json\/wp\/v2\/pages\/181"}],"wp:attachment":[{"href":"https:\/\/doradcyrodzinie.pl\/index.php\/wp-json\/wp\/v2\/media?parent=184"}],"curies":[{"name":"wp","href":"https:\/\/api.w.org\/{rel}","templated":true}]}}