{"id":264,"date":"2022-01-22T09:00:22","date_gmt":"2022-01-22T09:00:22","guid":{"rendered":"http:\/\/doradcyrodzinie.pl\/?page_id=264"},"modified":"2022-01-22T09:00:23","modified_gmt":"2022-01-22T09:00:23","slug":"nasza-dzialalnosc","status":"publish","type":"page","link":"https:\/\/doradcyrodzinie.pl\/index.php\/nasza-dzialalnosc\/","title":{"rendered":"Nasza Dzia\u0142alno\u015b\u0107"},"content":{"rendered":"\n<p>Celem Stowarzyszenia Oddz. Przemyski jest dzia\u0142anie na rzecz rodziny, a w szczeg\u00f3lno\u015bci propagowanie idei odpowiedzialnego rodzicielstwa, kszta\u0142towanie postawy szacunku dla ludzkiego \u017cycia, upowszechnianie metod naturalnego planowania rodziny (NPR), w r\u00f3\u017cnych \u015brodowiskach spo\u0142ecznych i zawodowych oraz wspomaganie rodzin w kszta\u0142towaniu ich \u017cycia zgodnie z zasadami etyki katolickiej, profilaktyki uzale\u017cnie\u0144.<\/p>\n\n\n\n<p>Do zada\u0144 Stowarzyszenia nale\u017cy m.in. praca wychowawcza i profilaktyczna&nbsp; z rodzicami, m\u0142odzie\u017c\u0105 i dzie\u0107mi, obrona \u017cycia ludzkiego od pocz\u0119cia do naturalnej \u015bmierci, organizowanie pomocy rodzinom i osobom potrzebuj\u0105cym, podejmowanie inicjatyw spo\u0142ecznych maj\u0105cych na celu pomoc rodzinie i przeciwdzia\u0142anie patologiom.<\/p>\n\n\n\n<p>Zadania te realizujemy poprzez np.: organizowanie szkole\u0144, kurs\u00f3w kwalifikacyjnych dla nauczyciel wychowania do \u017cycia w rodzinie, poradnictwo specjalistyczne, dzia\u0142alno\u015b\u0107 informacyjno \u2013 publicystyczn\u0105 i wydawnicz\u0105.<\/p>\n\n\n\n<p>W ramach dzia\u0142alno\u015bci statutowej Odzia\u0142 Przemyski Stowarzyszenia \u201eMi\u0142o\u015b\u0107 i Odpowiedzialno\u015b\u0107\u201d podj\u0105\u0142 nast\u0119puj\u0105ce inicjatywy i dzia\u0142ania tj:<\/p>\n\n\n\n<p class=\"has-black-color has-text-color\">Sta\u0142a praca z narzeczonymi w dekanalnych i parafialnych poradniach \u017cycia rodzinnego oraz dy\u017cury dla ma\u0142\u017conk\u00f3w w w\/w poradniach.<\/p>\n\n\n\n<p>Praca w specjalistycznych poradniach rodzinnych \u201eNazaret\u201d (Przemy\u015bl, Sanok, Jaros\u0142aw).<\/p>\n\n\n\n<p>W niekt\u00f3rych parafiach doradcy w\u0142\u0105czaj\u0105 si\u0119 w prac\u0119 z m\u0142odzie\u017c\u0105 w ramach katechezy przedma\u0142\u017ce\u0144skiej.<\/p>\n\n\n\n<p>W\u0142\u0105czano si\u0119 w rekolekcje ewangelizacyjne organizowane przez Ruch Domowego Ko\u015bcio\u0142a. Podczas tych rekolekcji promowano NPR, Duchow\u0105 Adopcj\u0119 Dziecka Pocz\u0119tego,<\/p>\n\n\n\n<p>Co pewien czas organizujemy dla ma\u0142\u017conk\u00f3w zaj\u0119cia z zakresu odpowiedzialnego rodzicielstwa. W\u0142\u0105czamy si\u0119 w organizacj\u0119 rekolekcji dla ma\u0142\u017conk\u00f3w.<\/p>\n\n\n\n<p>\u201e<strong>Maj\u00f3wka dla M\u0142odych\u201d<\/strong> to impreza, poprzez, kt\u00f3r\u0105 od wiosny 2004 r. promowali\u015bmy w\u015br\u00f3d m\u0142odzie\u017cy miasta Przemy\u015bla i powiatu przemyskiego \u201dRuch Czystych Serc\u201d. W tym celu 7 maja 2004 r. zorganizowali\u015bmy we wsp\u00f3\u0142pracy z Regionalnym O\u015brodkiem Kultury Edukacji i Nauki w Przemy\u015blu pierwsz\u0105 kilkugodzinn\u0105 (dwucz\u0119\u015bciow\u0105) imprez\u0119 \u201eMaj\u00f3wki dla M\u0142odych\u201d. Pierwsza cz\u0119\u015b\u0107 (refleksyjno \u2013 rozrywkowa), odby\u0142a si\u0119 na placu przy Zamku Kazimierzowskim, a druga (modlitewna) mia\u0142a miejsce w ko\u015bciele Ksi\u0119\u017cy Salezjan\u00f3w. Spotkaniom przewodniczyli przedstawiciele Redakcji \u201eMi\u0142ujcie si\u0119\u201d oraz zaproszony zesp\u00f3\u0142 m\u0142odzie\u017cowy \u201eJesienni Przyjaciele\u201d. Do wsp\u00f3\u0142pracy w przygotowanie \u201eMaj\u00f3wki\u201d zaproszone zosta\u0142y ko\u015bcielne\u00a0 stowarzyszenia i ruchy m\u0142odzie\u017cowe. Ok. 20 osobowa grupa m\u0142odych przyst\u0105pi\u0142a do RCS.<\/p>\n\n\n\n<p>&nbsp;&nbsp;&nbsp;&nbsp;&nbsp;&nbsp;&nbsp;&nbsp;&nbsp;&nbsp;&nbsp; Druga, podobna impreza, odby\u0142a si\u0119 12 maja 2005 r. Tym razem organizowali\u015bmy j\u0105 wsp\u00f3lnie z Przemyskim Centrum Kultury i Nauki. Spotkania prowadzi\u0142 Jan Budziaszek \u2013 perkusista zespo\u0142u \u201eSkaldowie\u201d, a gra\u0142a, \u015bpiewa\u0142a i ta\u0144czy\u0142a m\u0142odzie\u017c ze szkolnych zespo\u0142\u00f3w Przemy\u015bla i okolicy.<\/p>\n\n\n\n<p>&nbsp;&nbsp;&nbsp;&nbsp;&nbsp;&nbsp;&nbsp;&nbsp;&nbsp;&nbsp;&nbsp; W dniach 29-30 maja 2006 zosta\u0142a zorganizowana trzecia impreza, kt\u00f3r\u0105 tym razem skierowali\u015bmy do wybranych szk\u00f3\u0142 Zespo\u0142u Szk\u00f3\u0142 Mechanicznych i Drzewnych, Zespo\u0142u Szk\u00f3\u0142 Zawodowych nr 1, Zespo\u0142u Szk\u00f3\u0142 Technicznych i Zespo\u0142u Szk\u00f3\u0142 Ekonomicznych w Przemy\u015blu. Impreza organizowana by\u0142a we wsp\u00f3\u0142pracy z Przemyskim Centrum Kultury i Nauki&nbsp; w uzgodnieniu z Wydzia\u0142em Edukacji i Sportu Urz\u0119du Miasta w Przemy\u015blu i Wydzia\u0142em Rozwoju Gospodarczego, Edukacji, Kultury i Promocji Starostwa Powiatowego oraz Podkarpackim Centrum Edukacji Nauczycieli (Oddzia\u0142em Przemyskim). W zwi\u0105zku z zaplanowan\u0105 \u201eMaj\u00f3wk\u0105 dla M\u0142odych\u201d zwr\u00f3cili\u015bmy&nbsp; si\u0119 do dyrektor\u00f3w szk\u00f3\u0142 z pro\u015bb\u0105 o umo\u017cliwienie m\u0142odzie\u017cy (ca\u0142ym klasom) udzia\u0142u w w\/w spotkaniu, a tak\u017ce z pismem do Prezydenta Miasta Przemy\u015bla Roberta Chomy i Europos\u0142a Andrzeja Zapa\u0142owskiego o&nbsp; dofinansowanie imprezy.<\/p>\n\n\n\n<p>&nbsp;&nbsp;&nbsp;&nbsp;&nbsp;&nbsp;&nbsp;&nbsp;&nbsp;&nbsp;&nbsp; W dniu 21 maja 2007 r. w sali&nbsp; widowiskowej Zamku Kazimierzowskiego w Przemy\u015blu&nbsp;&nbsp; odby\u0142a si\u0119 czwarta \u201eMaj\u00f3wka dla M\u0142odych\u201d zatytu\u0142owana:&nbsp; \u201eJAK PORUSZA\u0106 SI\u0118 PODROGACH \u017bYCIA, BY DOTRZE\u0106 DO CELU\u201d w programie: monta\u017c s\u0142owno \u2013 muzyczny z udzia\u0142em zespo\u0142u muzycznego \u201ePorozumienie\u201d oraz projekcj\u0105 filmu \u201e Eksperyment\u201d. Organizowali\u015bmy j\u0105 przy wsp\u00f3\u0142pracy z Przemyskim Centrum Kultury i Nauki ZAMEK i Wojew\u00f3dzkim O\u015brodkiem Ruchu Drogowego, w uzgodnieniu z Wydzia\u0142em Edukacji i Sportu Urz\u0119du Miasta w Przemy\u015blu.<\/p>\n\n\n\n<p>&nbsp;&nbsp;&nbsp;&nbsp;&nbsp;&nbsp;&nbsp;&nbsp;&nbsp;&nbsp;&nbsp; W dniu 27 maja 2008 r. w Zespole Szk\u00f3\u0142 Salezja\u0144skich w Przemy\u015blu odby\u0142a si\u0119 pi\u0105ta edycja \u201eMaj\u00f3wki dla M\u0142odych\u201d pod has\u0142em \u201eB\u0104D\u0179 RADOSNY I \u017bYJ PE\u0141NI\u0104 \u017bYCIA\u201d w programie: monta\u017c s\u0142owno \u2013 muzyczny animowany przez ks. Jacka Michno z udzia\u0142em m\u0142odzie\u017cowego zespo\u0142u muzycznego oraz prezentacja zasad udzielania pierwszej pomocy przeprowadzona przez ratownik\u00f3w Pogotowia Ratunkowego w Przemy\u015blu. Program mia\u0142 na celu ukazanie m\u0142odym:<\/p>\n\n\n\n<ul class=\"wp-block-list\"><li>\u017ce czysto\u015b\u0107 i odpowiedzialno\u015b\u0107 jest warto\u015bci\u0105,<\/li><li>\u017ce warto by\u0107 wolnym od na\u0142og\u00f3w,<\/li><li>\u017ce \u017cycie odpowiedzialne i w czysto\u015bci jest mo\u017cliwe,<\/li><li>\u017ce kocha\u0107 naprawd\u0119 mo\u017cna tylko czystym i wolnym sercem.<\/li><\/ul>\n\n\n\n<p>Cz\u0119\u015b\u0107 II \u201eMaj\u00f3wki\u201d odby\u0142a si\u0119 w ko\u015bciele XX Salezjan\u00f3w w godz. 18.00 \u2013 21.30 i sk\u0142ada\u0142o si\u0119 na ni\u0105 modlitewne czuwanie animowane przez \u201eSzko\u0142\u0119 Nowej Ewangelizacji\u201d oraz m\u0142odzie\u017c przemyskich szk\u00f3\u0142 promuj\u0105c\u0105 Ruch Czystych Serc.<\/p>\n\n\n\n<p>Na okoliczno\u015b\u0107 tych spotka\u0144 opracowano i wydrukowano zak\u0142adki z modlitw\u0105 zawierzenia oraz broszur\u0119 pt. \u201eMi\u0142o\u015b\u0107, wolno\u015b\u0107, zdrowie,&#8230;\u201d, kt\u00f3ra zosta\u0142a rozdana uczestnikom spotka\u0144.<\/p>\n\n\n\n<p>W\u0142\u0105czyli\u015bmy si\u0119 w og\u00f3lnopolsk\u0105 akcj\u0119 \u201eCi\u0105\u017ca bez alkoholu\u201d, organizowan\u0105 przez Polsk\u0105 Agencj\u0119 Rozwi\u0105zywania Problem\u00f3w Alkoholowych. By\u0142o to zadanie zlecone przez miasto Przemy\u015bl naszemu Stowarzyszeniu. Pierwszym etapem akcji by\u0142o szkolenie lider\u00f3w w Warszawie, na kt\u00f3re wys\u0142ali\u015bmy przedstawiciela naszego Oddzia\u0142u. Nast\u0119pnym etapem by\u0142o zorganizowanie imprez, spotka\u0144, prelekcji, rozpowszechnianie film\u00f3w, ulotek i ksi\u0105\u017cek promuj\u0105cych ci\u0105\u017c\u0119 bez alkoholu.<\/p>\n\n\n\n<p>25 pa\u017adziernika 2007 w Podkarpackim Centrum Edukacji Nauczycieli w Przemy\u015blu zorganizowali\u015bmy konferencj\u0119 naukow\u0105 nt.<strong> \u201eP\u0142odowy Zesp\u00f3\u0142 Alkoholowy\/FAS \u2013 co o nim wiesz\u201d. <\/strong>Patronat honorowy obj\u0105\u0142 Prezydent Miasta Przemy\u015bla. Zaproszenie otrzymali lekarze rodzinni, pediatrzy, lekarze ginekolodzy i po\u0142o\u017cnicy, po\u0142o\u017cne, zw\u0142aszcza prowadz\u0105ce zaj\u0119cia w szko\u0142ach rodzenia, nauczyciele, nauczyciele wychowania do \u017cycia w rodzinie, pedagodzy, kadra pedagogiczna uczelni i szk\u00f3\u0142 medycznych, wyk\u0142adowcy wy\u017cszych uczelni i szk\u00f3\u0142 pomaturalnych dla pracownik\u00f3w socjalnych, kurator\u00f3w, pedagog\u00f3w i do innych zawod\u00f3w bezpo\u015bredniego kontaktu z klientem\/rodzin\u0105, pracownicy \u015bwietlic socjoterapeutycznych i opieku\u0144czo \u2013 wychowawczych, pracownicy pomocy spo\u0142ecznej, kuratorzy, radni zw\u0142aszcza z Komisji Zdrowia, Edukacji, Polityki Spo\u0142ecznej itp., urz\u0119dnicy z gminy odpowiedzialni za sprawy zwi\u0105zane ze zdrowiem i szeroko rozumian\u0105 polityk\u0119 spo\u0142eczn\u0105, cz\u0142onkowie gminnej komisji rozwi\u0105zywania problem\u00f3w alkoholowych, dzielnicowi i inni policjanci maj\u0105cy kontakt z rodzinami, duchowni r\u00f3\u017cnych wyzna\u0144, zw\u0142aszcza prowadz\u0105cy kursy przedma\u0142\u017ce\u0144skie, pracownicy poradni lecznictwa odwykowego, dy\u017curni punkt\u00f3w konsultacyjnych i telefon\u00f3w zaufania, pracownicy O\u015brodk\u00f3w Interwencji Kryzysowej i innych miejsc bezpo\u015bredniego kontaktu z klientem, przedstawiciele organizacji pozarz\u0105dowych, zw\u0142aszcza stowarzysze\u0144 abstynenckich, lokalne media. Konferencja cieszy\u0142a si\u0119 du\u017cym zainteresowaniem.<\/p>\n\n\n\n<p>Od 2009 r. jako Stowarzyszenie jeste\u015bmy jednym z organizator\u00f3w \u201ePrzemyskiego Marszu dla \u017bycia i Rodziny\u201d, kt\u00f3remu towarzysz\u0105 dodatkowe imprezy. Marsz odbywa si\u0119 pod patronatem ks. abpa J\u00f3zefa Michalika, Prezydenta Miasta Przemy\u015bla i Starosty Przemyskiego. W organizacj\u0119 tej imprezy w\u0142\u0105cza si\u0119 wiele organizacji i stowarzysze\u0144. W roku 2015 Marsz zosta\u0142 w\u0142\u0105czony w \u201eWiecz\u00f3r Chwa\u0142y\u201d zorganizowany w ramach przygotowa\u0144 do \u015awiatowych Dni M\u0142odzie\u017cy<\/p>\n\n\n\n<p>Od 2009 roku SMiO Oddz. Przemyski jest wsp\u00f3\u0142organizatorem \u201ePodkarpackiego Wesela bez Toastu\u201d w Miejscu Piastowym. Zosta\u0142y opracowane ulotki, plakaty i zaproszenia. Inicjatorami Wesela s\u0105 Teresa i Piotr Mazurowie. Du\u017c\u0105 pomoc\u0105 s\u0105 Ma\u0142gorzata i Tadeusza Rygalikowie. W roku 2014 odby\u0142o si\u0119 V \u201ePodkarpackiego Wesela bez Toastu\u201d, kt\u00f3re odbywa si\u0119 w my\u015bl\u00a0 s\u0142\u00f3w B\u0142. Ks. Bronis\u0142awa Markiewicza &#8211; \u201ePolska b\u0119dzie trze\u017awa, albo jej wcale nie b\u0119dzie\u201d. Celem imprezy jest obudzenie\u00a0 w\u00a0sercach ludzi odpowiedzialno\u015b\u0107 za nasz\u0105 Ojczyzn\u0119, Parafi\u0119 i\u00a0Rodzin\u0119 poprzez propagowanie trze\u017awego stylu \u017cycia.<\/p>\n\n\n\n<p>Cz\u0142onkowie Stowarzyszenia oraz Zesp\u00f3\u0142 Radiowy przygotowuj\u0105 i prowadz\u0105 cykliczne\u00a0 audycje radiowe w Radiu Fara,<\/p>\n\n\n\n<p>W\u0142\u0105czamy si\u0119 w og\u00f3lnopolskie akcje protestacyjne dotycz\u0105ce obrony \u017cycia i wychowania m\u0142odzie\u017cy.<\/p>\n\n\n\n<p>Prowadzimy sta\u0142\u0105 formacj\u0119 duchow\u0105 dla cz\u0142onk\u00f3w. Co roku prawie wszyscy cz\u0142onkowie Oddzia\u0142u bior\u0105 udzia\u0142 w weekendowych rekolekcjach.<\/p>\n\n\n\n<p>Brali\u015bmy udzia\u0142 w projekcie NGO \u201eSPRAWNI JAK MA\u0141O KTO\u201d, kt\u00f3rego celem by\u0142a integracja \u015brodowisk, stowarzysze\u0144, udzia\u0142 w r\u00f3\u017cnorodnych formach szkole\u0144. W ramach projektu otrzymali\u015bmy dofinansowanie w kwocie 1500 z\u0142. z przeznaczeniem na sk\u0142adany namiot (2mx4m) z logo SMiO, breloczki z danymi adresowymi, rollap z logo SMiO, nr KRS i str. www oraz breloczki z danymi kontaktowymi.<\/p>\n\n\n\n<p>W\u0142\u0105czyli\u015bmy si\u0119 w przygotowanie Jubileuszu 50- lecia kap\u0142a\u0144stwa ks. Pra\u0142ata Romana Wawro, kt\u00f3ry pe\u0142ni funkcj\u0119 opiekuna duchowego naszego Oddzia\u0142u. Uroczysto\u015bci odby\u0142y si\u0119 w dniu 27 czerwca 2015 roku w Jaros\u0142awskim Opactwie.<\/p>\n\n\n\n<p>Wraz z Duszpasterstwem Rodzin w dniu 10 pa\u017adziernika zorganizowali\u015bmy spotkanie ma\u0142\u017conk\u00f3w \u015bwi\u0119tuj\u0105cych w tym roku jubileusze ma\u0142\u017ce\u0144skie. Inspiracj\u0105 do rozpocz\u0119cia takiej formy spotka\u0144 by\u0142o 50-lecie Duszpasterstwa Rodzin w Polsce. Ta pi\u0119kna uroczysto\u015b\u0107 odby\u0142a si\u0119 w Jaros\u0142awskiej Kolegiacie \u2013 sanktuarium Matki Bo\u017cej Kr\u00f3lowej Rodzin. U\u015bwietnili j\u0105 swoj\u0105 obecno\u015bci\u0105 Jubilaci z r\u00f3\u017cnym sta\u017cem ma\u0142\u017ce\u0144skim, abp J\u00f3zef Michalik, Prof. Bogdan Chazan. Spotkanie zako\u0144czy\u0142 rodzinny piknik. Podj\u0119ta inicjatywa spotka\u0142a si\u0119 z du\u017cym uznaniem uczestnik\u00f3w, wi\u0119c planowana jest jej kontynuacja w kolejnych latach.<\/p>\n\n\n\n<p>Zorganizowali\u015bmy w Miejscu Piastowym\u00a0 dwie tury warsztat\u00f3w dla ma\u0142\u017conk\u00f3w (ca\u0142ych rodzin) pt.\u201dSzcz\u0119\u015bliwe ma\u0142\u017ce\u0144stwo = szcz\u0119\u015bliwa rodzina\u201d. Warsztaty w dniu 8 sierpnia prowadzi\u0142a p. Lucyna Montusiewicz, za\u015b w 3 pa\u017adziernika prowadzili p. Beata i Andrzej Guzikowie. Opiek\u0119 duchow\u0105 sprawowali ks. dr Roman Wawro i ks. dr Marek Macha\u0142a. W warsztatach wzi\u0119\u0142o udzia\u0142 ponad 250 os\u00f3b. Warsztaty pa\u017adziernikowe zosta\u0142y dofinansowane przez ROPS w Rzeszowie.<\/p>\n\n\n\n<p>Stowarzyszenie przej\u0119\u0142o m\u0142odzie\u017cowy \u201eKlub nad Sanem\u201d, kt\u00f3ry mie\u015bci si\u0119 w Przemy\u015blu przy ul. Klasztornej 1. Cz\u0142onkowie Stowarzyszenia pe\u0142ni\u0105 dy\u017cur prowadz\u0105c r\u00f3\u017cne zaj\u0119cia oraz udzielaj\u0105c korepetycji. Jest to tak\u017ce miejsce spotka\u0144 Zarz\u0105du.<\/p>\n\n\n\n<p>Jeste\u015bmy wsp\u00f3\u0142organizatorem Sympozjum Naukowego organizowanego przez\u00a0 Federacj\u0119 Obro\u0144c\u00f3w \u017bycia pod has\u0142em \u201e Profilaktyka Zdrowia Prokreacyjnego \u2013wok\u00f3\u0142 pocz\u0105tk\u00f3w ludzkiego \u017cycia\u201d zorganizowanym na Warszawskim Uniwersytecie Medycznym. 6 grudnia 2015 roku odby\u0142o si\u0119 ju\u017c\u00a0 V Sympozjum Naukowe w cyklu konferencji nt \u201e<em>Wczesne niepowodzenia prokreacji &#8211; etiologia, prewencja i post\u0119powanie w uj\u0119ciu interdyscyplinarnym&#8221;.<\/em><\/p>\n\n\n\n<p>Oddzia\u0142 Przemyski Stowarzyszenia, razem ze \u015brodowiskami lokalnymi, wyst\u0105pi\u0142 do Prezydenta Miasta Przemy\u015bla z inicjatyw\u0105 zorganizowania na terenie miasta Przemy\u015bla miejsca pami\u0119ci wszystkich nienarodzonych dzieci. W miar\u0119 naszych mo\u017cliwo\u015bci deklarowali\u015bmy wsp\u00f3\u0142prac\u0119 i zaanga\u017cowanie w realizacj\u0119 tego przedsi\u0119wzi\u0119cia. W zwi\u0105zku z tym zostali\u015bmy zaproszeni przez Urz\u0105d Miasta Przemy\u015bla do udzia\u0142u w pracach Spo\u0142ecznego Komitetu Ratowania Zabytk\u00f3w Cmentarzy Przemyskich. Uczestniczymy w dorocznej kwe\u015bcie na rzecz ratowania zabytkowych nagrobk\u00f3w na cmentarzach przemyskich. Realizacja budowy planowanego wcze\u015bniej pomnika dzieci utraconych z r\u00f3\u017cnych wzgl\u0119d\u00f3w nie dosz\u0142a do skutku. W to miejsce pojawi\u0142a si\u0119 propozycja budowy grobowca dla tych dzieci. By\u0142o to zwi\u0105zane z faktem, \u017ce w szpitalu w Przemy\u015blu niekt\u00f3re matki pozostawi\u0142y cia\u0142a dzieci po poronieniu w zak\u0142adzie patomorfologii. Personel szpitala wraz z Ksi\u0119dzem Kapelanem podj\u0105\u0142 decyzj\u0119, \u017ce te dzieci zostan\u0105 pochowane na cmentarzu. Ksi\u0105dz Kapelan zwr\u00f3ci\u0142 si\u0119 do Wydzia\u0142u Duszpasterstwa Rodzin z pro\u015bb\u0105 o pomoc w zorganizowaniu tego zbiorowego pogrzebu. Urz\u0105d Miasta udzieli\u0142 pomocy finansowej w przygotowaniu grobowca na cmentarzu na Zasaniu w Przemy\u015blu. Pogrzeb dzieci zmar\u0142ych przed narodzeniem odby\u0142 si\u0119 w kwietniu 2013 r. i 25 marca 2014 r. O tym fakcie zostali poinformowani cz\u0142onk\u00f3w Stowarzyszenia. Trwaj\u0105 comiesi\u0119czne czuwania modlitewne w obronie \u017cycia, ma\u0142\u017ce\u0144stwa i rodziny. Odbywaj\u0105 si\u0119 one teraz 25 dnia miesi\u0105ca w ko\u015bciele pw. \u015awi\u0119tej Tr\u00f3jcy. Opr\u00f3cz tego w ka\u017cdy drugi wtorek miesi\u0105ca odbywaj\u0105 si\u0119 czuwania modlitewne w Szpitalu Wojew\u00f3dzkim w Przemy\u015blu w intencji poszanowania \u017cycia ludzkiego.<\/p>\n\n\n\n<p>W 2011 r. SMiO Oddz. Przemyski by\u0142 wsp\u00f3\u0142organizatorem \u201ePodkarpackiego Wesela bez Toastu\u201d w Miejscu Piastowym. Zosta\u0142y opracowane ulotki, plakaty i zaproszenia. Du\u017cy udzia\u0142 i pomoc doradc\u00f3w rodzinnych. Odpowiadali\u015bmy za sprawy finansowe, pomoc w rozliczeniu pomoc przy r\u00f3\u017cnych pracach organizacyjnych oraz w pieczeniu ciast, po stronie SMiO by\u0142o tak\u017ce prowadzenie Wesela. Przygotowali\u015bmy podzi\u0119kowania dla wszystkich sponsor\u00f3w. Inicjatorami Wesela s\u0105 Teresa i Piotr Mazurowie, oraz du\u017cej pomocy Ma\u0142gorzaty i Tadeusza Rygalik\u00f3w. W latach 2013-2014 Podkarpackie Wesele bez Toastu\u201d organizowane by\u0142o przez Stowarzyszenie \u201ePow\u015bci\u0105gliwo\u015b\u0107 i Praca\u201d, SMiO Oddz. Przemyski wspiera\u0142o organizacyjnie imprez\u0119.<\/p>\n\n\n\n<p>Wsp\u00f3\u0142pracujemy z Podkarpackim Centrum Edukacji Nauczycieli w Przemy\u015blu w organizacji Studium \u017bycia Rodzinnego (wydawane za\u015bwiadczenia) oraz w organizacji i prowadzeniu Kursu kwalif. \u201eWychowanie do \u017bycia w Rodzinie\u201d. Absolwenci S\u017bR, kt\u00f3rzy maj\u0105 wykszta\u0142cenie pedagogiczne mog\u0105 uzupe\u0142nia\u0107 tre\u015bci programowe i uzyska\u0107 \u015bwiadectwo kwalifikacyjne do prowadzenia zaj\u0119\u0107 z wychowania do \u017cycia w rodzinie. W programie kursu realizuje si\u0119 Blok Biomedyczny, na kt\u00f3rym uczymy NPR wg metody polskiej T. Kramarek. W roku 2013 Kurs uzupe\u0142niaj\u0105cy uko\u0144czy\u0142o 13 doradc\u00f3w.<\/p>\n\n\n\n<p>W dniu28 lutego 2014 r.we wsp\u00f3\u0142pracy z PCEN Oddz. Przemyski byli\u015bmy organizatorami konferencji <strong><em>\u201e<\/em><\/strong><em>Wsp\u00f3\u0142czesne zagro\u017cenia cywilizacji i kultury?\u201d<\/em><\/p>\n","protected":false},"excerpt":{"rendered":"<p>Celem Stowarzyszenia Oddz. Przemyski jest dzia\u0142anie na rzecz rodziny, a w szczeg\u00f3lno\u015bci propagowanie idei odpowiedzialnego rodzicielstwa, kszta\u0142towanie postawy szacunku dla ludzkiego \u017cycia, upowszechnianie metod naturalnego planowania rodziny (NPR), w r\u00f3\u017cnych \u015brodowiskach spo\u0142ecznych i zawodowych oraz wspomaganie rodzin w kszta\u0142towaniu ich \u017cycia zgodnie z zasadami etyki katolickiej, profilaktyki uzale\u017cnie\u0144. Do zada\u0144 Stowarzyszenia nale\u017cy m.in. praca wychowawcza [&hellip;]<\/p>\n","protected":false},"author":1,"featured_media":0,"parent":0,"menu_order":0,"comment_status":"closed","ping_status":"closed","template":"","meta":{"footnotes":""},"class_list":["post-264","page","type-page","status-publish","hentry"],"_links":{"self":[{"href":"https:\/\/doradcyrodzinie.pl\/index.php\/wp-json\/wp\/v2\/pages\/264","targetHints":{"allow":["GET"]}}],"collection":[{"href":"https:\/\/doradcyrodzinie.pl\/index.php\/wp-json\/wp\/v2\/pages"}],"about":[{"href":"https:\/\/doradcyrodzinie.pl\/index.php\/wp-json\/wp\/v2\/types\/page"}],"author":[{"embeddable":true,"href":"https:\/\/doradcyrodzinie.pl\/index.php\/wp-json\/wp\/v2\/users\/1"}],"replies":[{"embeddable":true,"href":"https:\/\/doradcyrodzinie.pl\/index.php\/wp-json\/wp\/v2\/comments?post=264"}],"version-history":[{"count":1,"href":"https:\/\/doradcyrodzinie.pl\/index.php\/wp-json\/wp\/v2\/pages\/264\/revisions"}],"predecessor-version":[{"id":265,"href":"https:\/\/doradcyrodzinie.pl\/index.php\/wp-json\/wp\/v2\/pages\/264\/revisions\/265"}],"wp:attachment":[{"href":"https:\/\/doradcyrodzinie.pl\/index.php\/wp-json\/wp\/v2\/media?parent=264"}],"curies":[{"name":"wp","href":"https:\/\/api.w.org\/{rel}","templated":true}]}}