{"id":324,"date":"2022-01-26T20:25:47","date_gmt":"2022-01-26T20:25:47","guid":{"rendered":"http:\/\/doradcyrodzinie.pl\/?page_id=324"},"modified":"2022-01-26T20:25:47","modified_gmt":"2022-01-26T20:25:47","slug":"narzeczeni-pytaja","status":"publish","type":"page","link":"https:\/\/doradcyrodzinie.pl\/index.php\/narzeczeni-pytaja\/","title":{"rendered":"Narzeczeni pytaj\u0105"},"content":{"rendered":"\n<p><strong>Czy bezpo\u015brednie przygotowanie do sakramentu ma\u0142\u017ce\u0144stwa jest obowi\u0105zkowe?<\/strong><br>Zale\u017cy dla kogo. Je\u017celi jest to osoba wierz\u0105ca wyznania rzymsko-katolickiego to nale\u017cyte przygotowanie do sakramentu ma\u0142\u017ce\u0144stwa jest dla niego obowi\u0105zkiem, w przeciwnym razie winna jest zaniedbania. Je\u017celi jest to osoba innego wyznania zaleca si\u0119, aby uszanowa\u0142a potrzeb\u0119 przysz\u0142ego wsp\u00f3\u0142ma\u0142\u017conka i wsp\u00f3lnie uczestniczy\u0142a w spotkaniach.<\/p>\n\n\n\n<p><strong>Czy nauki przed\u015blubne w ramach przygotowania bezpo\u015bredniego do ma\u0142\u017ce\u0144stwa maj\u0105 dat\u0119 wa\u017cno\u015bci?<\/strong><br>Jak sama nazwa wskazuje s\u0105 to nauki bezpo\u015brednie, a wi\u0119c zaleca si\u0119, aby zrealizowa\u0107 ca\u0142o\u015b\u0107 przygotowania bezpo\u015brednio przed sakramentem ma\u0142\u017ce\u0144stwa, nie wcze\u015bniej jak jeden rok przed planowan\u0105 dat\u0105 \u015blubu.<\/p>\n\n\n\n<p><strong>Czy dyplom katechezy szkolnej o ma\u0142\u017ce\u0144stwie, zast\u0119puje bezpo\u015brednie przygotowanie do sakramentu ma\u0142\u017ce\u0144stwa?<\/strong><br>Katecheza szkolna czy przy parafialna realizowana na poziomie szko\u0142y ponad gimnazjalnej zawiera tematyk\u0119 na temat ma\u0142\u017ce\u0144stwa i rodziny i jest przygotowaniem bli\u017cszym do \u017cycia w ma\u0142\u017ce\u0144stwie, nie zast\u0119puje wi\u0119c przygotowania bezpo\u015bredniego, w kt\u00f3rym uczestnicz\u0105 narzeczeni razem.<\/p>\n\n\n\n<p><strong>Czy nauki przed\u015blubne zrealizowane podczas s\u0142u\u017cby wojskowej zwalniaj\u0105 z przygotowania przy parafialnego?<\/strong><br>Katechezy og\u00f3lne w ramach przygotowania bezpo\u015bredniego powinny by\u0107 realizowane przez obydwojga narzeczonych w jednym miejscu, jednak zdarza si\u0119, \u017ce nie jest to mo\u017cliwe wtedy dopuszczalne jest oddzielne uczestniczenie, ale tylko w katechezach og\u00f3lnych. Spotkania w Poradni \u017bycia Rodzinnego mog\u0105 by\u0107 zrealizowane jedynie z obydwojgiem narzeczonych.<br><strong><br>Czy mo\u017cemy zrealizowa\u0107 wszystkie dwa spotkania z Poradni \u017bycia Rodzinnego podczas jednej wizyty?<\/strong><br>Nie ma takiej mo\u017cliwo\u015bci z przyczyn merytorycznych. Jedno spotkanie trwa oko\u0142o 1 godziny i zawiera bardzo du\u017co informacji, kt\u00f3re cz\u0119sto nie s\u0105 znane. Po pierwszym spotkaniu powinna nast\u0105pi\u0107 przerwa czasowa ( oko\u0142o 1 miesi\u0105ca), kt\u00f3ra pozwoli na poprowadzenie w\u0142asnych obserwacji.<br><strong><br>Pracujemy do p\u00f3\u017anych godzin, narzeczony wyje\u017cd\u017ca cz\u0119sto w delegacje, jak mo\u017cemy przygotowa\u0107 si\u0119 do sakramentu ma\u0142\u017ce\u0144stwa?<\/strong><br>Dla os\u00f3b, kt\u00f3re nie mog\u0105 uczestniczy\u0107 w przy parafialnym bezpo\u015brednim przygotowaniu do sakramentu ma\u0142\u017ce\u0144stwa proponujemy form\u0119 rekolekcji weekendowych dla narzeczonych. Realizowane s\u0105 podczas tych rekolekcji stosowne katechezy z kap\u0142anem i konferencje z Doradc\u0105 \u017bycia Rodzinnego oraz dodatkowo pierwsze spotkanie z Poradni \u017bycia Rodzinnego. Po weekendzie zatem narzeczeni przychodz\u0105 ju\u017c tylko na drugie spotkanie do Poradni \u017bycia Rodzinnego na indywidualne konsultacje, mniej wi\u0119cej miesi\u0105c po spotkaniu pierwszym.<br><strong><br>Pracujemy za granic\u0105 i do kraju przyje\u017cd\u017camy sporadycznie w weekendy, jak mo\u017cemy przygotowa\u0107 si\u0119 do sakramentu ma\u0142\u017ce\u0144stwa?<\/strong><br>Dla narzeczonych, kt\u00f3rzy czasowo wyjechali za granic\u0119 proponujemy dwa rozwi\u0105zania: uczestnictwo w rekolekcjach weekendzie dla narzeczonych w Polsce, lub skorzystanie z propozycji przygotowania poza granicami kraju w O\u015brodkach Duszpasterstwa Polskiego i Polskich Misjach Katolickich.<br><strong>Pozosta\u0142 nam tydzie\u0144 do \u015blubu, czy mo\u017cemy jeszcze gdzie\u015b przygotowa\u0107 si\u0119 do sakramentu ma\u0142\u017ce\u0144stwa?<\/strong><br>Je\u015bli pozosta\u0142o Wam niewiele czasu do \u015blubu, to nie b\u0119dzie mo\u017cliwo\u015bci w\u0142a\u015bciwego przygotowania si\u0119 do sakramentu ma\u0142\u017ce\u0144stwa. W przypadkach losowych, za zezwoleniem kap\u0142ana b\u0142ogos\u0142awi\u0105cego zwi\u0105zek, mo\u017cna rozpocz\u0105\u0107 katechezy przed \u015blubem a doko\u0144czy\u0107 po zawarciu zwi\u0105zku.<\/p>\n\n\n\n<p><strong>Czy mo\u017cemy osobno realizowa\u0107 bezpo\u015brednie przygotowanie do sakramentu ma\u0142\u017ce\u0144stwa?<\/strong><br>Zaleca si\u0119, aby narzeczeni wsp\u00f3lnie uczestniczyli w ca\u0142o\u015bci bezpo\u015bredniego przygotowania do sakramentu ma\u0142\u017ce\u0144stwa. W wyj\u0105tkowych sytuacjach dopuszcza si\u0119 osobne uczestniczenie w katechezach og\u00f3lnych. Natomiast wizyta w Poradni tylko jednego z narzeczonych nie b\u0119dzie zrealizowaniem zamierzonego celu, jakim jest miedzy innymi rozmowa o p\u0142odno\u015bci ma\u0142\u017ce\u0144skiej, a wi\u0119c dotycz\u0105ca obydwojga ma\u0142\u017conk\u00f3w.<\/p>\n","protected":false},"excerpt":{"rendered":"<p>Czy bezpo\u015brednie przygotowanie do sakramentu ma\u0142\u017ce\u0144stwa jest obowi\u0105zkowe?Zale\u017cy dla kogo. Je\u017celi jest to osoba wierz\u0105ca wyznania rzymsko-katolickiego to nale\u017cyte przygotowanie do sakramentu ma\u0142\u017ce\u0144stwa jest dla niego obowi\u0105zkiem, w przeciwnym razie winna jest zaniedbania. Je\u017celi jest to osoba innego wyznania zaleca si\u0119, aby uszanowa\u0142a potrzeb\u0119 przysz\u0142ego wsp\u00f3\u0142ma\u0142\u017conka i wsp\u00f3lnie uczestniczy\u0142a w spotkaniach. Czy nauki przed\u015blubne w [&hellip;]<\/p>\n","protected":false},"author":1,"featured_media":0,"parent":0,"menu_order":0,"comment_status":"closed","ping_status":"closed","template":"","meta":{"footnotes":""},"class_list":["post-324","page","type-page","status-publish","hentry"],"_links":{"self":[{"href":"https:\/\/doradcyrodzinie.pl\/index.php\/wp-json\/wp\/v2\/pages\/324","targetHints":{"allow":["GET"]}}],"collection":[{"href":"https:\/\/doradcyrodzinie.pl\/index.php\/wp-json\/wp\/v2\/pages"}],"about":[{"href":"https:\/\/doradcyrodzinie.pl\/index.php\/wp-json\/wp\/v2\/types\/page"}],"author":[{"embeddable":true,"href":"https:\/\/doradcyrodzinie.pl\/index.php\/wp-json\/wp\/v2\/users\/1"}],"replies":[{"embeddable":true,"href":"https:\/\/doradcyrodzinie.pl\/index.php\/wp-json\/wp\/v2\/comments?post=324"}],"version-history":[{"count":1,"href":"https:\/\/doradcyrodzinie.pl\/index.php\/wp-json\/wp\/v2\/pages\/324\/revisions"}],"predecessor-version":[{"id":325,"href":"https:\/\/doradcyrodzinie.pl\/index.php\/wp-json\/wp\/v2\/pages\/324\/revisions\/325"}],"wp:attachment":[{"href":"https:\/\/doradcyrodzinie.pl\/index.php\/wp-json\/wp\/v2\/media?parent=324"}],"curies":[{"name":"wp","href":"https:\/\/api.w.org\/{rel}","templated":true}]}}