{"id":327,"date":"2022-01-26T20:37:47","date_gmt":"2022-01-26T20:37:47","guid":{"rendered":"http:\/\/doradcyrodzinie.pl\/?page_id=327"},"modified":"2022-01-26T20:37:48","modified_gmt":"2022-01-26T20:37:48","slug":"zareczyny","status":"publish","type":"page","link":"https:\/\/doradcyrodzinie.pl\/index.php\/zareczyny\/","title":{"rendered":"Zar\u0119czyny"},"content":{"rendered":"\n<div class=\"wp-block-image is-style-rounded\"><figure class=\"alignright size-full is-resized\"><img loading=\"lazy\" decoding=\"async\" src=\"https:\/\/doradcyrodzinie.pl\/wp-content\/uploads\/2022\/01\/blogosl2-1.jpeg\" alt=\"\" class=\"wp-image-328\" width=\"398\" height=\"265\"\/><\/figure><\/div>\n\n\n\n<p class=\"has-text-align-left\">OBRZ\u0118D ZAR\u0118CZYN<br>I B\u0141OGOS\u0141AWIE\u0143STWA NARZECZONYCH<br>Narzeczeni, ich rodzice, dziadkowie, rodze\u0144stwo i zaproszeni przyjaciele gromadz\u0105 si\u0119 w domu jednego<br>z narzeczonych w celu zawarcia zar\u0119czyn oraz b\u0142ogos\u0142awie\u0144stwa narzeczonych. Na o\u0142tarzyku rodzinnym<br>lub na stole umieszczamy krzy\u017c, Bibli\u0119, \u015bwiece i kwiaty, kt\u00f3re nadaj\u0105 spotkaniu charakteru religijnego,<br>bardziej radosnego i uroczystego. Obrz\u0119dowi mo\u017ce przewodniczy\u0107 ojciec lub matka jednego z narzeczonych.<br>Spotkanie rozpoczynamy od znaku krzy\u017ca \u015bwi\u0119tego.<br>P. (Prowadz\u0105cy) W imi\u0119 Ojca i Syna, i Ducha \u015awi\u0119tego.<br>W. (Wszyscy) Amen.<br>P. Bracia i siostry, pos\u0142uchajmy z uwag\u0105 s\u0142\u00f3w \u015bwi\u0119tego Paw\u0142a Aposto\u0142a do Kolosan.<br>Kol 3, 12 \u2013 17<br>\u201eBracia! Jako wi\u0119c wybra\u0144cy Bo\u017cy \u2013 \u015bwi\u0119ci i umi\u0142owani \u2013 obleczcie si\u0119 w serdeczne<br>mi\u0142osierdzie, dobro\u0107, pokor\u0119, cicho\u015b\u0107, cierpliwo\u015b\u0107, znosz\u0105c jedni drugich i wybaczaj\u0105c<br>sobie nawzajem, je\u015bliby mia\u0142 kto\u015b zarzut przeciw drugiemu: jak Pan wybaczy\u0142 wam tak<br>i wy! Na to za\u015b wszystko [przyobleczcie] mi\u0142o\u015b\u0107, kt\u00f3ra jest wi\u0119zi\u0105 doskona\u0142o\u015bci. A sercami<br>waszymi niech rz\u0105dzi pok\u00f3j Chrystusowy, do kt\u00f3rego te\u017c zostali\u015bcie wezwani w jednym<br>Ciele. I b\u0105d\u017acie wdzi\u0119czni! S\u0142owo Chrystusa niech w was przebywa [ca\u0142ym swym]<br>bogactwem: z wszelk\u0105 m\u0105dro\u015bci\u0105 nauczajcie i napominajcie samych siebie przez psalmy,<br>hymny, pie\u015bni pe\u0142ne ducha, pod wp\u0142ywem \u0142aski \u015bpiewaj\u0105c Bogu w waszych sercach.<br>I wszystko, cokolwiek dzia\u0142acie s\u0142owem lub czynem, wszystko [czy\u0144cie] w imi\u0119 Jezusa<br>Chrystusa, dzi\u0119kuj\u0105c Bogu Ojcu przez Niego.\u201e<br>Narzeczony:<br>Kochani Rodzice, z wielk\u0105 rado\u015bci\u0105 N. (\u201enomen\u201d, \u0142ac. imi\u0119, np. Maria) i ja N.( np. Piotr)<br>pragniemy Wam uroczy\u015bcie dzisiaj o\u015bwiadczy\u0107, \u017ce oboje si\u0119 kochamy i pragniemy<br>w najbli\u017cszym czasie zawrze\u0107 sakrament ma\u0142\u017ce\u0144stwa. Dlatego prosimy Was, naszych<br>Rodzic\u00f3w, aby\u015bcie zechcieli wyrazi\u0107 Wasz\u0105 zgod\u0119 na ten zwi\u0105zek i pob\u0142ogos\u0142awi\u0107.<br>Narzeczona:<br>Ja r\u00f3wnie\u017c pragn\u0119 ze swej strony o\u015bwiadczy\u0107, \u017ce mi\u0142o\u015b\u0107 nasza jest szczera, a ch\u0119\u0107<br>zawarcia sakramentu ma\u0142\u017ce\u0144stwa prawdziwa, st\u0105d prosimy bardzo serdecznie<br>aby\u015bcie zechcieli uroczy\u015bcie wyrazi\u0107 Wasz\u0105 zgod\u0119 i odt\u0105d traktowa\u0107 nas (mnie np.<br>Mari\u0119 mojego narzeczonego np. Piotra) jako narzeczonych, otoczy\u0107 nas modlitw\u0105<br>i serdeczno\u015bci\u0105, udzieli\u0107 rodzicielskiego b\u0142ogos\u0142awie\u0144stwa, by\u015bmy dobrze przygotowali si\u0119<br>do naszego \u015blubu.<br>Ojciec lub matka jednego z narzeczonych:<br>P. N (np. Piotrze) i N (np. Mario ), jako wasi rodzice cieszymy si\u0119, \u017ce odszukali\u015bcie siebie<br>i odkryli\u015bcie wielki skarb mi\u0142o\u015bci jaki Pan B\u00f3g wla\u0142 w serce ka\u017cdego z Was. Akceptujemy<br>wasz\u0105 wol\u0119 i pragniemy Wam jako narzeczonym udzieli\u0107 naszego b\u0142ogos\u0142awie\u0144stwa.<br>Przewodnicz\u0105cy kontynuuje obrz\u0119d m\u00f3wi\u0105c:P. B\u00f3g Ojciec Wszechmog\u0105cy niech to sprawi, aby\u015bcie wzrastali w Jego mi\u0142o\u015bci, niech Was<br>zachowa w swojej \u0142asce i pokoju. Chrystus niech Was oczy\u015bci od wszelkiego grzechu<br>i zjednoczy ze sob\u0105 w Eucharystii. Duch \u015awi\u0119ty niech o\u015bwieci Wasze serca umocni Wasz\u0105<br>wiar\u0119, nadziej\u0119 i mi\u0142o\u015b\u0107, kt\u00f3ra jest wi\u0119zi\u0105 wszelkiej doskona\u0142o\u015bci.<br>W. Amen.<br>Rodzice czyni\u0105 na czole narzeczonych znak krzy\u017ca kciukiem prawej r\u0119ki i przekazuj\u0105 im poca\u0142unek<br>pokoju. Po czym mo\u017ce nast\u0105pi\u0107 b\u0142ogos\u0142awie\u0144stwo pier\u015bcionka (\u00f3w)<br>P. Wszechmog\u0105cy Bo\u017ce, prosimy Ci\u0119, + pob\u0142ogos\u0142aw ten zar\u0119czynowy pier\u015bcionek (te<br>zar\u0119czynowe pier\u015bcionki). Niech on (one) b\u0119dzie (b\u0119d\u0105) dla N i N znakiem wi\u0119zi i ofiarnej<br>mi\u0142o\u015bci, jak\u0105 Ty nas wszystkich umi\u0142owa\u0142e\u015b. Prosimy Ci\u0119 o to przez Chrystusa, Pana<br>naszego.<br>W. Amen.<br>Narzeczony wr\u0119cza swojej narzeczonej pier\u015bcionek zar\u0119czynowy. Wszyscy mog\u0105 teraz z\u0142o\u017cy\u0107 zar\u0119czonym<br>\u017cyczenia. Obrz\u0119d ko\u0144czy si\u0119 wsp\u00f3ln\u0105 modlitw\u0105:<br>P. Zwr\u00f3\u0107my nasze serca do Mi\u0142osiernego Boga i pro\u015bmy Go s\u0142owami:<br>P. Panie Jezu, Ty kocha\u0142e\u015b swych Rodzic\u00f3w i by\u0142e\u015b przez Nich kochany, utwierdzaj<br>wszystkie rodziny w pokoju i wzajemnej mi\u0142o\u015bci. Ciebie prosimy&#8230;.<br>W. Wys\u0142uchaj nas, Panie.<br>P. Chryste, Ty zawsze troskliwie pe\u0142ni\u0142e\u015b wol\u0119 swego Ojca, spraw, aby odt\u0105d N i N jako<br>narzeczeni, wype\u0142niaj\u0105c Twoj\u0105 wol\u0119 wzrastali we wzajemnej mi\u0142o\u015bci. Ciebie prosimy&#8230;..<br>W. Wys\u0142uchaj nas, Panie.<br>P. Chryste, Ciebie stroskani Rodzice znale\u017ali po trzech dniach w domu naucz nas<br>wszystkich szukania najpierw Kr\u00f3lestwa Bo\u017cego. Ciebie prosimy&#8230;..<br>W. Wys\u0142uchaj nas, Panie.<br>P. Wszystkie nasze pro\u015bby przedstawmy Mi\u0142osiernemu Bogu Ojcu w modlitwie, kt\u00f3rej<br>nas nauczy\u0142 sam Jezus Chrystus:<br>Ojcze nasz&#8230;<br>P. Pole\u0107my Par\u0119 M\u0142odych i nas wszystkich szczeg\u00f3lnej opiece Matki Naj\u015bwi\u0119tszej<br>odmawiaj\u0105c:<br>Pod Twoj\u0105 obron\u0119, uciekamy si\u0119&#8230;<br>Przewodnicz\u0105cy a wraz z nim wszyscy zgromadzeni, czyni\u0105c na sobie znak krzy\u017ca \u015bwi\u0119tego, m\u00f3wi:<br>P.+ Niech nam B\u00f3g b\u0142ogos\u0142awi, strze\u017ce od wszelkiego z\u0142a i doprowadzi na \u017cycia<br>wiecznego.<br>W. Amen.<br>Tekst przygotowany na podstawie:<br>Bp J\u00f3zef Wysocki, Rytua\u0142 rodzinny, W\u0142oc\u0142awek 1999, s. 528 &#8211; 531.<\/p>\n","protected":false},"excerpt":{"rendered":"<p>OBRZ\u0118D ZAR\u0118CZYNI B\u0141OGOS\u0141AWIE\u0143STWA NARZECZONYCHNarzeczeni, ich rodzice, dziadkowie, rodze\u0144stwo i zaproszeni przyjaciele gromadz\u0105 si\u0119 w domu jednegoz narzeczonych w celu zawarcia zar\u0119czyn oraz b\u0142ogos\u0142awie\u0144stwa narzeczonych. Na o\u0142tarzyku rodzinnymlub na stole umieszczamy krzy\u017c, Bibli\u0119, \u015bwiece i kwiaty, kt\u00f3re nadaj\u0105 spotkaniu charakteru religijnego,bardziej radosnego i uroczystego. Obrz\u0119dowi mo\u017ce przewodniczy\u0107 ojciec lub matka jednego z narzeczonych.Spotkanie rozpoczynamy od znaku [&hellip;]<\/p>\n","protected":false},"author":1,"featured_media":0,"parent":0,"menu_order":0,"comment_status":"closed","ping_status":"closed","template":"","meta":{"footnotes":""},"class_list":["post-327","page","type-page","status-publish","hentry"],"_links":{"self":[{"href":"https:\/\/doradcyrodzinie.pl\/index.php\/wp-json\/wp\/v2\/pages\/327","targetHints":{"allow":["GET"]}}],"collection":[{"href":"https:\/\/doradcyrodzinie.pl\/index.php\/wp-json\/wp\/v2\/pages"}],"about":[{"href":"https:\/\/doradcyrodzinie.pl\/index.php\/wp-json\/wp\/v2\/types\/page"}],"author":[{"embeddable":true,"href":"https:\/\/doradcyrodzinie.pl\/index.php\/wp-json\/wp\/v2\/users\/1"}],"replies":[{"embeddable":true,"href":"https:\/\/doradcyrodzinie.pl\/index.php\/wp-json\/wp\/v2\/comments?post=327"}],"version-history":[{"count":1,"href":"https:\/\/doradcyrodzinie.pl\/index.php\/wp-json\/wp\/v2\/pages\/327\/revisions"}],"predecessor-version":[{"id":329,"href":"https:\/\/doradcyrodzinie.pl\/index.php\/wp-json\/wp\/v2\/pages\/327\/revisions\/329"}],"wp:attachment":[{"href":"https:\/\/doradcyrodzinie.pl\/index.php\/wp-json\/wp\/v2\/media?parent=327"}],"curies":[{"name":"wp","href":"https:\/\/api.w.org\/{rel}","templated":true}]}}